est common factor of 44514582 and 238.
14
Calculate the greatest common factor of 3 and 66079707.
3
Calculate the greatest common divisor of 2188 and 245852.
4
What is the greatest common factor of 135242131 and 101?
101
What is the highest common divisor of 13848 and 6886568856?
13848
What is the greatest common divisor of 1688 and 3751108?
4
Calculate the highest common factor of 40755 and 83928.
39
What is the greatest common divisor of 2674 and 793032?
382
Calculate the greatest common divisor of 7074 and 722596.
262
Calculate the highest common divisor of 87398719 and 716.
179
What is the greatest common divisor of 1263469493 and 13?
13
What is the highest common divisor of 363 and 225117717?
363
Calculate the greatest common factor of 373002 and 508956.
3486
Calculate the highest common factor of 14121385 and 47.
47
Calculate the highest common factor of 4420 and 10449985.
1105
Calculate the greatest common divisor of 386436283 and 327.
109
Calculate the greatest common factor of 279224558 and 68.
34
Calculate the greatest common factor of 176 and 5069097.
11
Calculate the greatest common divisor of 93477291 and 70368.
2199
What is the highest common divisor of 88063560 and 910?
130
What is the highest common divisor of 15598772 and 436?
436
What is the greatest common divisor of 7904 and 13495352?
104
Calculate the greatest common factor of 2465184 and 186.
6
Calculate the greatest common divisor of 14156933 and 49.
49
Calculate the highest common factor of 12925336 and 720.
8
Calculate the greatest common divisor of 2666002 and 457061.
1123
What is the highest common divisor of 3792624 and 288706?
242
What is the highest common factor of 56206426 and 113?
113
What is the highest common divisor of 5445 and 992079?
1089
Calculate the highest common factor of 365820138 and 486.
162
Calculate the highest common divisor of 283496664 and 333.
111
What is the highest common factor of 4240089 and 3213?
1071
Calculate the highest common factor of 44099 and 2993507.
209
What is the greatest common divisor of 56 and 23542344?
56
Calculate the greatest common divisor of 1727852 and 23828.
644
Calculate the greatest common divisor of 63910 and 3038420.
770
Calculate the highest common divisor of 412 and 36281647.
103
What is the greatest common divisor of 232 and 166814264?
232
Calculate the highest common divisor of 3992181 and 24.
3
Calculate the greatest common factor of 17 and 2500713192.
17
Calculate the highest common factor of 126014485 and 815.
815
What is the highest common divisor of 2663504 and 2483390?
5458
Calculate the greatest common factor of 4844286 and 9214.
34
What is the highest common factor of 1780 and 393571350?
890
What is the highest common divisor of 21 and 12694101?
21
What is the greatest common factor of 2552 and 80776?
8
What is the highest common divisor of 262086228 and 19?
19
Calculate the highest common factor of 942766 and 704.
22
Calculate the greatest common divisor of 199194083 and 187.
187
Calculate the highest common divisor of 5358 and 1214010.
282
What is the greatest common divisor of 25 and 7626725?
25
What is the greatest common factor of 4212 and 93756?
156
What is the greatest common factor of 49331888 and 1171?
1171
What is the highest common divisor of 8876865 and 30?
15
Calculate the greatest common divisor of 43552 and 82511986.
2722
What is the greatest common divisor of 8456602 and 154?
154
What is the greatest common divisor of 7965540 and 208980?
4860
Calculate the highest common divisor of 315237 and 457899.
2301
Calculate the greatest common divisor of 16609 and 3418523.
977
Calculate the highest common factor of 7500720 and 18960.
240
What is the highest common factor of 796356 and 275?
11
What is the highest common divisor of 2750 and 61430250?
250
What is the greatest common divisor of 83483 and 248?
31
What is the greatest common divisor of 397784 and 551?
19
What is the greatest common divisor of 288 and 6607638?
18
What is the highest common factor of 1741110 and 630?
210
What is the greatest common divisor of 4616700 and 36300?
3300
What is the greatest common factor of 164454 and 17634?
6
Calculate the greatest common divisor of 1746298 and 185012.
46
Calculate the highest common factor of 2999745 and 2136.
267
What is the greatest common divisor of 125098929 and 45?
9
What is the greatest common factor of 2446184 and 26?
26
Calculate the greatest common factor of 174768 and 515152.
176
What is the greatest common factor of 91313675 and 50?
25
What is the greatest common divisor of 351 and 20718612?
27
What is the highest common divisor of 903702492 and 44?
44
What is the highest common factor of 110875251 and 93?
93
What is the greatest common factor of 2596572 and 3366?
198
What is the highest common factor of 10183 and 3803835?
17
What is the highest common divisor of 290439 and 306249?
93
What is the highest common factor of 2398702 and 3?
1
What is the greatest common divisor of 109106 and 1093678?
34
What is the greatest common factor of 235 and 338855?
5
What is the highest common divisor of 26951970 and 5074?
86
Calculate the greatest common factor of 653076 and 6372.
108
What is the greatest common divisor of 172569 and 20999?
23
Calculate the highest common divisor of 2990 and 32910.
10
What is the highest common factor of 182 and 2270619?
13
Calculate the highest common divisor of 90143 and 244705.
109
Calculate the greatest common divisor of 51013170 and 17641.
767
What is the greatest common factor of 1946385 and 5328?
333
What is the highest common factor of 12732468 and 1680?
84
Calculate the greatest common divisor of 41686 and 19450907.
1097
Calculate the highest common factor of 10 and 7056245.
5
Calculate the highest common divisor of 1509201 and 71919.
549
Calculate the highest common factor of 2132927 and 8043.
383
Calculate the highest common factor of 4180 and 5762130.
2090
What is the greatest common divisor of 15910518 and 43808?
2738
Calculate the greatest common divisor of 45 and 16967505.
15
What is the greatest common factor of 2478695 and 8446?
103
Calculate the greatest common divisor of 18 and 582903036.
18
Calculate the highest common divisor of 18500 and 2355124.
148
Calculate the highest common divisor of 8910 and 1293765.
165
What is the greatest common factor of 307312091 and 701?
701
Calculate the highest common factor of 11232 and 2710240.
416
Calculate the highest common factor of 3318028 and 252269.
727
What is the highest common factor of 18054551 and 849?
283
Calculate the highest common factor of 45895 and 255940.
335
Calculate the greatest common factor of 272 and 606205584.
272
Calculate the greatest common factor of 595 and 13147715.
595
Calculate the greatest common divisor of 255420 and 8305.
55
What is the greatest common factor of 10524372 and 48?
12
Calculate the greatest common factor of 60 and 713527440.
60
Calculate the greatest common factor of 2175820 and 180.
20
What is the highest common factor of 12477428 and 6588?
244
Calculate the highest common divisor of 192705 and 34485.
15
Calculate the highest common factor of 396610 and 35360.
170
Calculate the greatest common factor of 3450 and 1965925.
575
What is the greatest common divisor of 1142348 and 193828?
4124
What is the greatest common factor of 78 and 554920431?
39
What is the highest common factor of 594 and 802519839?
297
Calculate the highest common factor of 156354 and 134343.
759
What is the greatest common factor of 483 and 29148?
21
Calculate the highest common divisor of 161966 and 2552725.
3521
What is the highest common factor of 4250 and 5818675?
425
Calculate the highest common divisor of 2146620 and 570.
570
Calculate the greatest common divisor of 425569 and 3.
1
Calculate the highest common factor of 534135497 and 7.
7
What is the highest common divisor of 248 and 6789961?
31
Calculate the greatest common factor of 58 and 11326066.
58
What is the highest common divisor of 220943 and 5456684?
2027
What is the highest common factor of 51142624 and 96?
32
Calculate the highest common divisor of 400 and 1918864.
16
Calculate the greatest common factor of 1180 and 49086584.
236
What is the highest common factor of 3697666 and 1330?
266
What is the greatest